{"id":52,"date":"2023-08-15T13:47:52","date_gmt":"2023-08-15T13:47:52","guid":{"rendered":"https:\/\/uhren-niermann.de\/?page_id=52"},"modified":"2024-05-23T14:18:41","modified_gmt":"2024-05-23T14:18:41","slug":"produkte","status":"publish","type":"page","link":"https:\/\/www.uhren-niermann.de\/?page_id=52","title":{"rendered":"Produkte"},"content":{"rendered":"\n  \n    \n    <section class=\"u-carousel u-slide u-block-6dd7-1\" id=\"carousel-dfbe\" data-interval=\"5000\" data-u-ride=\"carousel\">\n      <ol class=\"u-absolute-hcenter u-carousel-indicators u-block-6dd7-2\">\n        <li data-u-target=\"#carousel-dfbe\" class=\"u-active u-grey-30\" data-u-slide-to=\"0\"><\/li>\n        <li data-u-target=\"#carousel-dfbe\" class=\"u-grey-30\" data-u-slide-to=\"1\"><\/li>\n        <li data-u-target=\"#carousel-dfbe\" class=\"u-grey-30\" data-u-slide-to=\"2\"><\/li>\n        <li data-u-target=\"#carousel-dfbe\" class=\"u-grey-30\" data-u-slide-to=\"3\"><\/li>\n      <\/ol>\n      <div class=\"u-carousel-inner\" role=\"listbox\">\n        <div class=\"u-active u-align-right u-carousel-item u-clearfix u-image u-section-2-1\" data-image-width=\"1679\" data-image-height=\"1200\" style=\"background-image: url(&quot;https:\/\/www.uhren-niermann.de\/wp-content\/uploads\/2023\/08\/AdobeStock_11737633.jpg&quot;);\">\n          <div class=\"u-clearfix u-sheet u-sheet-1\">\n            <h1 class=\"u-align-left u-color-scheme-u10 u-color-style-multicolor-1 u-text u-text-body-alt-color u-title u-text-1\">Wundersch\u00f6ne Eheringe &amp; Partnerringe<\/h1>\n            <a href=\"https:\/\/uhren-niermann.de\/?page_id=52#carousel_87b9\" class=\"u-black u-border-2 u-border-hover-black u-border-white u-btn u-button-style u-hover-black u-text-hover-white u-btn-1\">Mehr Erfahren<\/a>\n          <\/div>\n        <\/div>\n        <div class=\"u-align-right u-carousel-item u-clearfix u-image u-section-2-2\" data-image-width=\"1800\" data-image-height=\"1200\" style=\"background-image: url(&quot;https:\/\/www.uhren-niermann.de\/wp-content\/uploads\/2023\/08\/AdobeStock_230931612.jpg&quot;);\">\n          <div class=\"u-clearfix u-sheet u-sheet-1\">\n            <h1 class=\"u-align-left u-color-scheme-u10 u-color-style-multicolor-1 u-text u-text-body-alt-color u-title u-text-1\">Markenuhren&nbsp;<br>f\u00fcr Damen &amp; Herren<br>\n            <\/h1>\n            <a href=\"https:\/\/uhren-niermann.de\/?page_id=52#carousel_1729\" class=\"u-black u-border-2 u-border-hover-black u-border-white u-btn u-button-style u-hover-black u-text-hover-white u-btn-1\">Mehr Erfahren<\/a>\n          <\/div>\n        <\/div>\n        <div class=\"u-align-right u-carousel-item u-clearfix u-image u-section-2-3\" data-image-width=\"1800\" data-image-height=\"1200\" style=\"background-image: url(&quot;https:\/\/www.uhren-niermann.de\/wp-content\/uploads\/2023\/08\/K1600_Bernd_Reparatur.jpg&quot;);\">\n          <div class=\"u-clearfix u-sheet u-sheet-1\">\n            <h1 class=\"u-align-left u-color-scheme-u10 u-color-style-multicolor-1 u-text u-text-body-alt-color u-title u-text-1\">Eigene \u200bUhrenwerksta\u200btt aus Meisterhand<\/h1>\n            <a href=\"https:\/\/uhren-niermann.de\/?page_id=50\" class=\"u-black u-border-2 u-border-hover-black u-border-white u-btn u-button-style u-hover-black u-text-hover-white u-btn-1\">Mehr Erfahren<\/a>\n          <\/div>\n        <\/div>\n        <div class=\"u-align-right u-carousel-item u-clearfix u-image u-section-2-4\" data-image-width=\"1800\" data-image-height=\"1200\" style=\"background-image: url(&quot;https:\/\/www.uhren-niermann.de\/wp-content\/uploads\/2023\/08\/AdobeStock_381545553.jpg&quot;);\">\n          <div class=\"u-clearfix u-sheet u-sheet-1\">\n            <h1 class=\"u-align-left u-color-scheme-u10 u-color-style-multicolor-1 u-text u-text-body-alt-color u-title u-text-1\">Schmuck f\u00fcr<br>Sie &amp;\u200b Ihn \n            <\/h1>\n            <a href=\"https:\/\/uhren-niermann.de\/?page_id=52#carousel_44d7\" class=\"u-black u-border-2 u-border-hover-black u-border-white u-btn u-button-style u-hover-black u-text-hover-white u-btn-1\">Mehr Erfahren<\/a>\n          <\/div>\n        <\/div>\n      <\/div>\n      <a class=\"u-absolute-vcenter u-carousel-control u-carousel-control-prev u-text-grey-30 u-block-6dd7-3\" href=\"#carousel-dfbe\" role=\"button\" data-u-slide=\"prev\">\n        <span aria-hidden=\"true\">\n          <svg class=\"u-svg-link\" viewBox=\"0 0 477.175 477.175\"><path d=\"M145.188,238.575l215.5-215.5c5.3-5.3,5.3-13.8,0-19.1s-13.8-5.3-19.1,0l-225.1,225.1c-5.3,5.3-5.3,13.8,0,19.1l225.1,225\n                    c2.6,2.6,6.1,4,9.5,4s6.9-1.3,9.5-4c5.3-5.3,5.3-13.8,0-19.1L145.188,238.575z\"><\/path><\/svg>\n        <\/span>\n        <span class=\"sr-only\">Previous<\/span>\n      <\/a>\n      <a class=\"u-absolute-vcenter u-carousel-control u-carousel-control-next u-text-grey-30 u-block-6dd7-4\" href=\"#carousel-dfbe\" role=\"button\" data-u-slide=\"next\">\n        <span aria-hidden=\"true\">\n          <svg class=\"u-svg-link\" viewBox=\"0 0 477.175 477.175\"><path d=\"M360.731,229.075l-225.1-225.1c-5.3-5.3-13.8-5.3-19.1,0s-5.3,13.8,0,19.1l215.5,215.5l-215.5,215.5\n                    c-5.3,5.3-5.3,13.8,0,19.1c2.6,2.6,6.1,4,9.5,4c3.4,0,6.9-1.3,9.5-4l225.1-225.1C365.931,242.875,365.931,234.275,360.731,229.075z\"><\/path><\/svg>\n        <\/span>\n        <span class=\"sr-only\">Weiter<\/span>\n      <\/a>\n    <\/section>\n    <section class=\"u-clearfix u-section-3\" id=\"carousel_1729\">\n      <div class=\"u-clearfix u-sheet u-valign-middle u-sheet-1\">\n        <h1 class=\"u-align-center u-custom-font u-font-oswald u-text u-text-1\"> Zeit zum genie\u00dfen - unsere Uhrenvielfalt<\/h1>\n      <\/div>\n    <\/section>\n    <section class=\"u-align-center u-clearfix u-section-4\" id=\"carousel_bea2\">\n      <div class=\"u-clearfix u-sheet u-sheet-1\">\n        <div class=\"u-palette-2-base u-shape u-shape-rectangle u-shape-1\"><\/div>\n        <div class=\"u-clearfix u-expanded-width-md u-expanded-width-sm u-expanded-width-xs u-gutter-0 u-layout-wrap u-layout-wrap-1\">\n          <div class=\"u-layout\" style=\"\">\n            <div class=\"u-layout-row\" style=\"\">\n              <div class=\"u-align-left u-container-style u-image u-layout-cell u-left-cell u-shape-rectangle u-size-30-lg u-size-30-xl u-size-35-md u-size-35-sm u-size-35-xs u-size-xs-60 u-image-1\" src=\"\" data-image-width=\"1800\" data-image-height=\"1200\" data-animation-name=\"customAnimationIn\" data-animation-duration=\"1000\" style=\"background-image: url(&quot;https:\/\/www.uhren-niermann.de\/wp-content\/uploads\/2023\/08\/AdobeStock_230931612.jpg&quot;);\">\n                <div class=\"u-container-layout u-valign-bottom u-container-layout-1\" src=\"\"><\/div>\n              <\/div>\n              <div class=\"u-align-center u-container-style u-layout-cell u-right-cell u-size-25-md u-size-25-sm u-size-25-xs u-size-30-lg u-size-30-xl u-size-xs-60 u-layout-cell-2\">\n                <div class=\"u-container-layout u-container-layout-2\">\n                  <h1 class=\"u-custom-font u-font-oswald u-text u-text-1\">Unsere Marken<\/h1>\n                  <img decoding=\"async\" class=\"u-expanded-width-md u-expanded-width-sm u-expanded-width-xs u-image u-image-contain u-image-default u-image-2\" src=\"https:\/\/www.uhren-niermann.de\/wp-content\/uploads\/2023\/08\/Uhren_Marken.jpg\" alt=\"\" data-image-width=\"539\" data-image-height=\"326\">\n                <\/div>\n              <\/div>\n            <\/div>\n          <\/div>\n        <\/div>\n      <\/div>\n    <\/section>\n    <section class=\"u-clearfix u-section-5\" id=\"carousel_44d7\">\n      <div class=\"u-clearfix u-sheet u-valign-middle u-sheet-1\">\n        <h1 class=\"u-align-center u-custom-font u-font-oswald u-text u-text-1\"> Schmuck f\u00fcr Sie und Ihn<\/h1>\n      <\/div>\n    <\/section>\n    <section class=\"u-align-center u-clearfix u-section-6\" id=\"carousel_9fac\">\n      <div class=\"u-clearfix u-sheet u-sheet-1\">\n        <div class=\"u-expanded-width-xs u-palette-2-base u-shape u-shape-rectangle u-shape-1\"><\/div>\n        <div class=\"u-clearfix u-expanded-width-md u-expanded-width-sm u-expanded-width-xs u-gutter-0 u-layout-wrap u-layout-wrap-1\">\n          <div class=\"u-layout\" style=\"\">\n            <div class=\"u-layout-row\" style=\"\">\n              <div class=\"u-align-left u-container-style u-image u-layout-cell u-left-cell u-shape-rectangle u-size-30-lg u-size-30-xl u-size-35-md u-size-35-sm u-size-35-xs u-size-xs-60 u-image-1\" src=\"\" data-image-width=\"1800\" data-image-height=\"1200\" data-animation-name=\"customAnimationIn\" data-animation-duration=\"1000\" style=\"background-image: url(&quot;https:\/\/www.uhren-niermann.de\/wp-content\/uploads\/2023\/08\/AdobeStock_381545553.jpg&quot;);\">\n                <div class=\"u-container-layout u-valign-bottom u-container-layout-1\" src=\"\"><\/div>\n              <\/div>\n              <div class=\"u-align-center u-container-style u-layout-cell u-right-cell u-size-25-md u-size-25-sm u-size-25-xs u-size-30-lg u-size-30-xl u-size-xs-60 u-layout-cell-2\">\n                <div class=\"u-container-layout u-container-layout-2\">\n                  <h1 class=\"u-custom-font u-font-oswald u-text u-text-1\">Unsere Marken<\/h1>\n                  <img decoding=\"async\" class=\"u-expanded-width u-image u-image-default u-image-2\" src=\"https:\/\/www.uhren-niermann.de\/wp-content\/uploads\/2023\/08\/SchmuckMarken1.jpg\" alt=\"\" data-image-width=\"567\" data-image-height=\"337\">\n                <\/div>\n              <\/div>\n            <\/div>\n          <\/div>\n        <\/div>\n      <\/div>\n    <\/section>\n    <section class=\"u-clearfix u-section-7\" id=\"carousel_87b9\">\n      <div class=\"u-clearfix u-sheet u-sheet-1\">\n        <h1 class=\"u-align-center u-custom-font u-font-oswald u-text u-text-1\"> F\u00fcr das Gl\u00fcck zu zweit - unsere Ehe- &amp; Partnerringe<\/h1>\n      <\/div>\n    <\/section>\n    <section class=\"u-align-center u-clearfix u-section-8\" id=\"carousel_da26\">\n      <div class=\"u-palette-2-base u-shape u-shape-rectangle u-shape-1\"><\/div>\n      <div class=\"u-clearfix u-gutter-0 u-layout-wrap u-layout-wrap-1\">\n        <div class=\"u-layout\" style=\"\">\n          <div class=\"u-layout-row\" style=\"\">\n            <div class=\"u-align-left u-container-style u-image u-layout-cell u-left-cell u-shape-rectangle u-size-30 u-size-xs-60 u-image-1\" src=\"\" data-image-width=\"1679\" data-image-height=\"1200\" data-animation-name=\"customAnimationIn\" data-animation-duration=\"1000\" style=\"background-image: url(&quot;https:\/\/www.uhren-niermann.de\/wp-content\/uploads\/2023\/08\/AdobeStock_11737633.jpg&quot;);\">\n              <div class=\"u-container-layout u-valign-top u-container-layout-1\" src=\"\">\n                <img decoding=\"async\" class=\"u-image u-image-default u-preserve-proportions u-image-2\" src=\"https:\/\/www.uhren-niermann.de\/wp-content\/uploads\/2023\/08\/RAUSCHMAYER.png\" alt=\"\" data-image-width=\"280\" data-image-height=\"280\">\n              <\/div>\n            <\/div>\n            <div class=\"u-container-style u-layout-cell u-right-cell u-size-30 u-size-xs-60 u-layout-cell-2\">\n              <div class=\"u-container-layout u-valign-bottom-xs u-container-layout-2\">\n                <h1 class=\"u-align-center u-custom-font u-font-oswald u-text u-text-1\"> Eheringe, nat\u00fcrlich von U\u200bhren Schmuck Niermann in Werlte<\/h1>\n                <p class=\"u-align-justify u-text u-text-2\"> Trauringe sind ein Symbol f\u00fcr die Treue, Liebe, Verbundenheit und Best\u00e4ndigkeit. Besuchen Sie uns in unseren Verkaufsr\u00e4umen und erleben Sie eine erstklassige Beratung und sp\u00fcren ihre gemeinsamen neuen Ringe. Bei uns wird der&nbsp;SERVICE&nbsp;gro\u00df geschrieben.<\/p>\n                <a href=\"https:\/\/uhren-niermann.de\/?page_id=52#sec-8ebf\" class=\"u-border-2 u-border-black u-btn u-button-style u-hover-black u-none u-text-hover-white u-btn-1\">Eheringe&nbsp;<br>vor Ort \n                <\/a>\n                <a href=\"https:\/\/rauschmayer.com\/designer#\/\" class=\"u-border-2 u-border-black u-btn u-button-style u-hover-black u-none u-text-hover-white u-btn-2\" target=\"_blank\">Eheringe&nbsp;<br>individuell Gestalten \n                <\/a>\n              <\/div>\n            <\/div>\n          <\/div>\n        <\/div>\n      <\/div>\n    <\/section>\n    \n    \n    \n    \n  \n","protected":false},"excerpt":{"rendered":"<p>Wundersch\u00f6ne Eheringe &amp; Partnerringe Mehr Erfahren Markenuhren&nbsp;f\u00fcr Damen &amp; Herren Mehr Erfahren Eigene \u200bUhrenwerksta\u200btt aus Meisterhand Mehr Erfahren Schmuck f\u00fcrSie &amp;\u200b Ihn Mehr Erfahren Previous Weiter Zeit zum genie\u00dfen &#8211; unsere Uhrenvielfalt Unsere Marken Schmuck f\u00fcr Sie und Ihn Unsere Marken F\u00fcr das Gl\u00fcck zu zweit &#8211; unsere Ehe- &amp; Partnerringe Eheringe, nat\u00fcrlich von U\u200bhren &hellip; <a href=\"https:\/\/www.uhren-niermann.de\/?page_id=52\" class=\"more-link\">Continue reading<span class=\"screen-reader-text\"> &#8222;Produkte&#8220;<\/span><\/a><\/p>\n","protected":false},"author":1,"featured_media":0,"parent":0,"menu_order":3,"comment_status":"closed","ping_status":"closed","template":"","meta":{"footnotes":""},"class_list":["post-52","page","type-page","status-publish","hentry"],"_links":{"self":[{"href":"https:\/\/www.uhren-niermann.de\/index.php?rest_route=\/wp\/v2\/pages\/52","targetHints":{"allow":["GET"]}}],"collection":[{"href":"https:\/\/www.uhren-niermann.de\/index.php?rest_route=\/wp\/v2\/pages"}],"about":[{"href":"https:\/\/www.uhren-niermann.de\/index.php?rest_route=\/wp\/v2\/types\/page"}],"author":[{"embeddable":true,"href":"https:\/\/www.uhren-niermann.de\/index.php?rest_route=\/wp\/v2\/users\/1"}],"replies":[{"embeddable":true,"href":"https:\/\/www.uhren-niermann.de\/index.php?rest_route=%2Fwp%2Fv2%2Fcomments&post=52"}],"version-history":[{"count":3,"href":"https:\/\/www.uhren-niermann.de\/index.php?rest_route=\/wp\/v2\/pages\/52\/revisions"}],"predecessor-version":[{"id":102,"href":"https:\/\/www.uhren-niermann.de\/index.php?rest_route=\/wp\/v2\/pages\/52\/revisions\/102"}],"wp:attachment":[{"href":"https:\/\/www.uhren-niermann.de\/index.php?rest_route=%2Fwp%2Fv2%2Fmedia&parent=52"}],"curies":[{"name":"wp","href":"https:\/\/api.w.org\/{rel}","templated":true}]}}