{"id":50,"date":"2023-08-15T13:47:50","date_gmt":"2023-08-15T13:47:50","guid":{"rendered":"https:\/\/uhren-niermann.de\/?page_id=50"},"modified":"2024-08-01T10:39:45","modified_gmt":"2024-08-01T10:39:45","slug":"uhrenwerkstatt","status":"publish","type":"page","link":"https:\/\/www.uhren-niermann.de\/?page_id=50","title":{"rendered":"Uhrenwerkstatt"},"content":{"rendered":"\n  \n    \n    <section class=\"u-carousel u-slide u-block-d994-1\" id=\"carousel-d7fa\" data-interval=\"5000\" data-u-ride=\"carousel\">\n      <ol class=\"u-absolute-hcenter u-carousel-indicators u-block-d994-2\">\n        <li data-u-target=\"#carousel-d7fa\" class=\"u-active u-grey-30\" data-u-slide-to=\"0\"><\/li>\n      <\/ol>\n      <div class=\"u-carousel-inner\" role=\"listbox\">\n        <div class=\"u-active u-align-right u-carousel-item u-clearfix u-image u-section-2-1\" data-image-width=\"1800\" data-image-height=\"1200\" style=\"background-image: url(&quot;https:\/\/www.uhren-niermann.de\/wp-content\/uploads\/2023\/08\/K1600_Bernd_Reparatur.jpg&quot;);\">\n          <div class=\"u-clearfix u-sheet u-sheet-1\">\n            <h1 class=\"u-align-left u-color-scheme-u10 u-color-style-multicolor-1 u-text u-text-body-alt-color u-title u-text-1\">Eigene Uhrenwerkstatt aus Meisterhand<\/h1>\n            <a href=\"https:\/\/uhren-niermann.de\/?page_id=50#carousel_6373\" class=\"u-black u-border-2 u-border-hover-black u-border-white u-btn u-button-style u-hover-black u-text-hover-white u-btn-1\">Mehr Erfahren<\/a>\n          <\/div>\n        <\/div>\n      <\/div>\n      <a class=\"u-absolute-vcenter u-carousel-control u-carousel-control-prev u-text-grey-30 u-block-d994-3\" href=\"#carousel-d7fa\" role=\"button\" data-u-slide=\"prev\">\n        <span aria-hidden=\"true\">\n          <svg class=\"u-svg-link\" viewBox=\"0 0 477.175 477.175\"><path d=\"M145.188,238.575l215.5-215.5c5.3-5.3,5.3-13.8,0-19.1s-13.8-5.3-19.1,0l-225.1,225.1c-5.3,5.3-5.3,13.8,0,19.1l225.1,225\n                    c2.6,2.6,6.1,4,9.5,4s6.9-1.3,9.5-4c5.3-5.3,5.3-13.8,0-19.1L145.188,238.575z\"><\/path><\/svg>\n        <\/span>\n        <span class=\"sr-only\">Previous<\/span>\n      <\/a>\n      <a class=\"u-absolute-vcenter u-carousel-control u-carousel-control-next u-text-grey-30 u-block-d994-4\" href=\"#carousel-d7fa\" role=\"button\" data-u-slide=\"next\">\n        <span aria-hidden=\"true\">\n          <svg class=\"u-svg-link\" viewBox=\"0 0 477.175 477.175\"><path d=\"M360.731,229.075l-225.1-225.1c-5.3-5.3-13.8-5.3-19.1,0s-5.3,13.8,0,19.1l215.5,215.5l-215.5,215.5\n                    c-5.3,5.3-5.3,13.8,0,19.1c2.6,2.6,6.1,4,9.5,4c3.4,0,6.9-1.3,9.5-4l225.1-225.1C365.931,242.875,365.931,234.275,360.731,229.075z\"><\/path><\/svg>\n        <\/span>\n        <span class=\"sr-only\">Weiter<\/span>\n      <\/a>\n    <\/section>\n    <section class=\"u-clearfix u-section-3\" id=\"carousel_6373\">\n      <div class=\"u-clearfix u-sheet u-valign-middle-lg u-valign-middle-sm u-valign-middle-xl u-valign-middle-xs u-sheet-1\">\n        <h1 class=\"u-align-center u-custom-font u-font-oswald u-text u-text-1\"> Uhren Reparatur,&nbsp;<br>nat\u00fcrlich bei Uhren Schmuck Niermann in Werlte. \n        <\/h1>\n        <div class=\"u-border-6 u-border-palette-2-base u-expanded-width u-line u-line-horizontal u-line-1\"><\/div>\n      <\/div>\n    <\/section>\n    <section class=\"u-clearfix u-section-4\" id=\"sec-be13\">\n      <div class=\"u-clearfix u-expanded-width-xl u-layout-wrap u-layout-wrap-1\">\n        <div class=\"u-layout\">\n          <div class=\"u-layout-row\">\n            <div class=\"u-container-style u-grey-5 u-layout-cell u-right-cell u-size-21-xl u-size-30-lg u-size-30-md u-size-30-sm u-size-30-xs u-layout-cell-1\">\n              <div class=\"u-container-layout u-valign-bottom-sm u-valign-bottom-xs u-container-layout-1\">\n                <p class=\"u-custom-font u-heading-font u-text u-text-1\"> Uhrmachermeister Bernhard Niermann verf\u00fcgt in der eigenen Werkstatt \u00fcber moderne Maschinen, mit denen Reparaturen von h\u00f6chster Qualit\u00e4t durchgef\u00fchrt werden. Generell werden in seiner Meisterwerkstatt alle Klein- und Gro\u00dfuhren sowie Chronographen und Chronometer repariert. Bei uns wird der SERVICE gro\u00df geschrieben. <br>Ich repariere mit Leidenschaft Uhren. Stand-, Wand-, Taschen- und Armbanduhren.<br>\n                  <br>Auch hochwertige Modelle wie Rolex, IWC, Jaeger-LeCoultre, Ebel, Cartier, Breitling werden in meiner hauseigenen Werkstatt repariert. \n                <\/p>\n              <\/div>\n            <\/div>\n            <div class=\"u-container-style u-image u-layout-cell u-left-cell u-size-30-lg u-size-30-md u-size-30-sm u-size-30-xs u-size-39-xl u-image-1\" data-animation-name=\"fadeIn\" data-animation-duration=\"1000\" data-animation-delay=\"0\" style=\"background-image: url(&quot;https:\/\/www.uhren-niermann.de\/wp-content\/uploads\/2023\/08\/Service01.jpg&quot;);\">\n              <div class=\"u-container-layout u-valign-bottom-lg u-valign-bottom-md u-valign-bottom-sm u-valign-bottom-xs u-container-layout-2\">\n                <div class=\"u-align-center-sm u-align-center-xs u-align-left-lg u-align-left-md u-align-left-xl u-container-style u-group u-opacity u-opacity-55 u-palette-2-base u-group-1\" data-animation-name=\"slideIn\" data-animation-duration=\"1000\" data-animation-delay=\"0\" data-animation-direction=\"Right\">\n                  <div class=\"u-container-layout u-container-layout-3\">\n                    <div class=\"u-border-3 u-border-white u-line u-line-horizontal u-line-1\"><\/div>\n                    <h2 class=\"u-text u-text-2\">Wo sich Pr\u00e4zession und Leidenschaft treffen<\/h2>\n                  <\/div>\n                <\/div>\n              <\/div>\n            <\/div>\n          <\/div>\n        <\/div>\n      <\/div>\n    <\/section>\n    <section class=\"u-carousel u-slide u-valign-middle u-block-8905-1\" id=\"carousel-041a\" data-interval=\"5000\" data-u-ride=\"carousel\" data-pause=\"false\">\n      <ol class=\"u-absolute-hcenter u-carousel-indicators u-hidden-sm u-hidden-xs u-block-8905-2\">\n        <li data-u-target=\"#carousel-041a\" class=\"u-active u-grey-30\" data-u-slide-to=\"0\"><\/li>\n        <li data-u-target=\"#carousel-041a\" class=\"u-grey-30\" data-u-slide-to=\"1\"><\/li>\n      <\/ol>\n      <div class=\"u-carousel-inner\" role=\"listbox\">\n        <div class=\"u-active u-carousel-item u-clearfix u-grey-5 u-section-5-1\">\n          <div class=\"u-clearfix u-sheet u-sheet-1\">\n            <div class=\"u-clearfix u-expanded-width-lg u-expanded-width-md u-expanded-width-xl u-gutter-20 u-hidden-sm u-hidden-xs u-layout-wrap u-layout-wrap-1\">\n              <div class=\"u-layout\">\n                <div class=\"u-layout-row\">\n                  <div class=\"u-align-center u-container-style u-layout-cell u-left-cell u-similar-fill u-size-10 u-layout-cell-1\">\n                    <div class=\"u-container-layout u-container-layout-1\">\n                      <img decoding=\"async\" class=\"u-image u-image-contain u-image-1\" src=\"https:\/\/www.uhren-niermann.de\/wp-content\/uploads\/2023\/08\/ZEPPELIN.png\" data-image-width=\"280\" data-image-height=\"280\">\n                    <\/div>\n                  <\/div>\n                  <div class=\"u-align-center u-container-style u-layout-cell u-similar-fill u-size-10 u-layout-cell-2\">\n                    <div class=\"u-container-layout u-container-layout-2\">\n                      <img decoding=\"async\" src=\"https:\/\/www.uhren-niermann.de\/wp-content\/uploads\/2023\/08\/BERING.png\" alt=\"\" class=\"u-image u-image-contain u-image-default u-image-2\" data-image-width=\"280\" data-image-height=\"280\">\n                    <\/div>\n                  <\/div>\n                  <div class=\"u-align-center u-container-style u-layout-cell u-similar-fill u-size-10 u-layout-cell-3\">\n                    <div class=\"u-container-layout u-container-layout-3\">\n                      <img decoding=\"async\" src=\"https:\/\/www.uhren-niermann.de\/wp-content\/uploads\/2023\/08\/JACQUES-LEMANS.png\" alt=\"\" class=\"u-image u-image-contain u-image-default u-image-3\" data-image-width=\"280\" data-image-height=\"280\">\n                    <\/div>\n                  <\/div>\n                  <div class=\"u-align-center u-container-style u-layout-cell u-similar-fill u-size-10 u-layout-cell-4\">\n                    <div class=\"u-container-layout u-container-layout-4\">\n                      <img decoding=\"async\" src=\"https:\/\/www.uhren-niermann.de\/wp-content\/uploads\/2023\/08\/JAGUAR.png\" alt=\"\" class=\"u-image u-image-contain u-image-default u-image-4\" data-image-width=\"280\" data-image-height=\"280\">\n                    <\/div>\n                  <\/div>\n                  <div class=\"u-align-center u-container-style u-layout-cell u-similar-fill u-size-10 u-layout-cell-5\">\n                    <div class=\"u-container-layout u-container-layout-5\">\n                      <img decoding=\"async\" src=\"https:\/\/www.uhren-niermann.de\/wp-content\/uploads\/2023\/08\/CASIO.png\" alt=\"\" class=\"u-image u-image-contain u-image-default u-image-5\" data-image-width=\"280\" data-image-height=\"280\">\n                    <\/div>\n                  <\/div>\n                  <div class=\"u-align-center u-container-style u-layout-cell u-right-cell u-similar-fill u-size-10 u-layout-cell-6\">\n                    <div class=\"u-container-layout u-container-layout-6\">\n                      <img decoding=\"async\" src=\"https:\/\/www.uhren-niermann.de\/wp-content\/uploads\/2023\/08\/MM.png\" alt=\"\" class=\"u-image u-image-contain u-image-default u-image-6\" data-image-width=\"280\" data-image-height=\"280\">\n                    <\/div>\n                  <\/div>\n                <\/div>\n              <\/div>\n            <\/div>\n          <\/div>\n        <\/div>\n        <div class=\"u-carousel-item u-clearfix u-grey-5 u-section-5-2\">\n          <div class=\"u-clearfix u-sheet u-sheet-1\">\n            <div class=\"u-clearfix u-expanded-width u-gutter-20 u-hidden-sm u-hidden-xs u-layout-wrap u-layout-wrap-1\">\n              <div class=\"u-layout\">\n                <div class=\"u-layout-row\">\n                  <div class=\"u-align-center u-container-style u-layout-cell u-left-cell u-similar-fill u-size-10 u-layout-cell-1\">\n                    <div class=\"u-container-layout u-container-layout-1\">\n                      <img decoding=\"async\" class=\"u-image u-image-contain u-image-1\" src=\"https:\/\/www.uhren-niermann.de\/wp-content\/uploads\/2023\/08\/Iron_Annie.png\" data-image-width=\"280\" data-image-height=\"280\">\n                    <\/div>\n                  <\/div>\n                  <div class=\"u-align-center u-container-style u-layout-cell u-similar-fill u-size-10 u-layout-cell-2\">\n                    <div class=\"u-container-layout u-container-layout-2\">\n                      <img decoding=\"async\" src=\"https:\/\/www.uhren-niermann.de\/wp-content\/uploads\/2023\/08\/Briston.png\" alt=\"\" class=\"u-image u-image-contain u-image-default u-image-2\" data-image-width=\"280\" data-image-height=\"280\">\n                    <\/div>\n                  <\/div>\n                  <div class=\"u-align-center u-container-style u-layout-cell u-similar-fill u-size-10 u-layout-cell-3\">\n                    <div class=\"u-container-layout u-container-layout-3\">\n                      <img decoding=\"async\" src=\"https:\/\/www.uhren-niermann.de\/wp-content\/uploads\/2023\/08\/Regent.png\" alt=\"\" class=\"u-image u-image-contain u-image-default u-image-3\" data-image-width=\"280\" data-image-height=\"280\">\n                    <\/div>\n                  <\/div>\n                  <div class=\"u-align-center u-container-style u-layout-cell u-similar-fill u-size-10 u-layout-cell-4\">\n                    <div class=\"u-container-layout u-container-layout-4\">\n                      <img decoding=\"async\" src=\"https:\/\/www.uhren-niermann.de\/wp-content\/uploads\/2023\/08\/LOTUS-STYLE.png\" alt=\"\" class=\"u-image u-image-contain u-image-default u-image-4\" data-image-width=\"280\" data-image-height=\"280\">\n                    <\/div>\n                  <\/div>\n                  <div class=\"u-align-center u-container-style u-layout-cell u-similar-fill u-size-10 u-layout-cell-5\">\n                    <div class=\"u-container-layout u-container-layout-5\">\n                      <img decoding=\"async\" src=\"https:\/\/www.uhren-niermann.de\/wp-content\/uploads\/2023\/08\/HERBELIN.png\" alt=\"\" class=\"u-image u-image-contain u-image-default u-image-5\" data-image-width=\"280\" data-image-height=\"280\">\n                    <\/div>\n                  <\/div>\n                  <div class=\"u-align-center u-container-style u-layout-cell u-right-cell u-similar-fill u-size-10 u-layout-cell-6\">\n                    <div class=\"u-container-layout u-container-layout-6\">\n                      <img decoding=\"async\" src=\"https:\/\/www.uhren-niermann.de\/wp-content\/uploads\/2023\/08\/scout.png\" alt=\"\" class=\"u-image u-image-contain u-image-default u-image-6\" data-image-width=\"280\" data-image-height=\"280\">\n                    <\/div>\n                  <\/div>\n                <\/div>\n              <\/div>\n            <\/div>\n          <\/div>\n        <\/div>\n      <\/div>\n      <a class=\"u-absolute-vcenter u-carousel-control u-carousel-control-prev u-hidden-sm u-hidden-xs u-text-grey-30 u-block-8905-3\" href=\"#carousel-041a\" role=\"button\" data-u-slide=\"prev\">\n        <span aria-hidden=\"true\">\n          <svg class=\"u-svg-link\" viewBox=\"0 0 477.175 477.175\"><path d=\"M145.188,238.575l215.5-215.5c5.3-5.3,5.3-13.8,0-19.1s-13.8-5.3-19.1,0l-225.1,225.1c-5.3,5.3-5.3,13.8,0,19.1l225.1,225\n                    c2.6,2.6,6.1,4,9.5,4s6.9-1.3,9.5-4c5.3-5.3,5.3-13.8,0-19.1L145.188,238.575z\"><\/path><\/svg>\n        <\/span>\n        <span class=\"sr-only\">Previous<\/span>\n      <\/a>\n      <a class=\"u-absolute-vcenter u-carousel-control u-carousel-control-next u-hidden-sm u-hidden-xs u-text-grey-30 u-block-8905-4\" href=\"#carousel-041a\" role=\"button\" data-u-slide=\"next\">\n        <span aria-hidden=\"true\">\n          <svg class=\"u-svg-link\" viewBox=\"0 0 477.175 477.175\"><path d=\"M360.731,229.075l-225.1-225.1c-5.3-5.3-13.8-5.3-19.1,0s-5.3,13.8,0,19.1l215.5,215.5l-215.5,215.5\n                    c-5.3,5.3-5.3,13.8,0,19.1c2.6,2.6,6.1,4,9.5,4c3.4,0,6.9-1.3,9.5-4l225.1-225.1C365.931,242.875,365.931,234.275,360.731,229.075z\"><\/path><\/svg>\n        <\/span>\n        <span class=\"sr-only\">Weiter<\/span>\n      <\/a>\n    <\/section>\n    \n    \n    \n    \n  \n","protected":false},"excerpt":{"rendered":"<p>Eigene Uhrenwerkstatt aus Meisterhand Mehr Erfahren Previous Weiter Uhren Reparatur,&nbsp;nat\u00fcrlich bei Uhren Schmuck Niermann in Werlte. Uhrmachermeister Bernhard Niermann verf\u00fcgt in der eigenen Werkstatt \u00fcber moderne Maschinen, mit denen Reparaturen von h\u00f6chster Qualit\u00e4t durchgef\u00fchrt werden. Generell werden in seiner Meisterwerkstatt alle Klein- und Gro\u00dfuhren sowie Chronographen und Chronometer repariert. Bei uns wird der SERVICE gro\u00df &hellip; <a href=\"https:\/\/www.uhren-niermann.de\/?page_id=50\" class=\"more-link\">Continue reading<span class=\"screen-reader-text\"> &#8222;Uhrenwerkstatt&#8220;<\/span><\/a><\/p>\n","protected":false},"author":1,"featured_media":0,"parent":0,"menu_order":1,"comment_status":"closed","ping_status":"closed","template":"","meta":{"footnotes":""},"class_list":["post-50","page","type-page","status-publish","hentry"],"_links":{"self":[{"href":"https:\/\/www.uhren-niermann.de\/index.php?rest_route=\/wp\/v2\/pages\/50","targetHints":{"allow":["GET"]}}],"collection":[{"href":"https:\/\/www.uhren-niermann.de\/index.php?rest_route=\/wp\/v2\/pages"}],"about":[{"href":"https:\/\/www.uhren-niermann.de\/index.php?rest_route=\/wp\/v2\/types\/page"}],"author":[{"embeddable":true,"href":"https:\/\/www.uhren-niermann.de\/index.php?rest_route=\/wp\/v2\/users\/1"}],"replies":[{"embeddable":true,"href":"https:\/\/www.uhren-niermann.de\/index.php?rest_route=%2Fwp%2Fv2%2Fcomments&post=50"}],"version-history":[{"count":4,"href":"https:\/\/www.uhren-niermann.de\/index.php?rest_route=\/wp\/v2\/pages\/50\/revisions"}],"predecessor-version":[{"id":109,"href":"https:\/\/www.uhren-niermann.de\/index.php?rest_route=\/wp\/v2\/pages\/50\/revisions\/109"}],"wp:attachment":[{"href":"https:\/\/www.uhren-niermann.de\/index.php?rest_route=%2Fwp%2Fv2%2Fmedia&parent=50"}],"curies":[{"name":"wp","href":"https:\/\/api.w.org\/{rel}","templated":true}]}}